{"id":1672,"date":"2015-07-18T21:59:14","date_gmt":"2015-07-18T19:59:14","guid":{"rendered":"http:\/\/www.djk-erlangen.de\/verein\/?page_id=1672"},"modified":"2022-11-14T19:06:19","modified_gmt":"2022-11-14T18:06:19","slug":"fanshop","status":"publish","type":"page","link":"https:\/\/www.djk-erlangen.de\/verein\/?page_id=1672","title":{"rendered":"Vereinsshop"},"content":{"rendered":"<div class=\"text_exposed_show\">\n<p><span style=\"font-weight: 400;\">Liebe Mitglieder, liebe Freunde und F\u00f6rderer der DJK Erlangen,<\/span><\/p>\n<p><span style=\"font-weight: 400;\">wir, die Abteilungsleitung Fu\u00dfball, freuen uns, euch heute unseren, in Zusammenarbeit mit unserem Partner Teamshop24 erstellten, Vereinsshop pr\u00e4sentieren zu d\u00fcrfen. Diesen erreicht ihr \u00fcber den folgenden Link:<\/span><a href=\"https:\/\/teamsportshop24.de\/djkerlangen\"> <span style=\"font-weight: 400;\">https:\/\/teamsportshop24.de\/djkerlangen<\/span><\/a>. <span style=\"font-weight: 400;\">Der Shop steht nat\u00fcrlich allen Abteilungen unserer DJK offen.<\/span><\/p>\n<p><span style=\"font-weight: 400;\">In diesem k\u00f6nnt ihr verschiedene Trainings- und Fankleidung beziehen. In n\u00e4chster Zeit werden noch weitere Artikel erg\u00e4nzt.<\/span><\/p>\n<p><span style=\"font-weight: 400;\">Bei Fragen d\u00fcrft ihr euch gerne bei uns melden.<\/span><\/p>\n<p><span style=\"font-weight: 400;\">Sportliche Gr\u00fc\u00dfe<\/span><\/p>\n<p><span style=\"font-weight: 400;\">Eure Abteilungsleitung Fu\u00dfball<\/span><\/p>\n<p><span style=\"font-weight: 400;\">Sebastian und Tobias<\/span><\/p>\n<\/div>\n\n<div class=\"wpcf7 no-js\" id=\"wpcf7-f1674-o1\" lang=\"de-DE\" dir=\"ltr\" data-wpcf7-id=\"1674\">\n<div class=\"screen-reader-response\"><p role=\"status\" aria-live=\"polite\" aria-atomic=\"true\"><\/p> <ul><\/ul><\/div>\n<form action=\"\/verein\/index.php?rest_route=%2Fwp%2Fv2%2Fpages%2F1672#wpcf7-f1674-o1\" method=\"post\" class=\"wpcf7-form init\" aria-label=\"Kontaktformular\" novalidate=\"novalidate\" data-status=\"init\">\n<fieldset class=\"hidden-fields-container\"><input type=\"hidden\" name=\"_wpcf7\" value=\"1674\" \/><input type=\"hidden\" name=\"_wpcf7_version\" value=\"6.1.5\" \/><input type=\"hidden\" name=\"_wpcf7_locale\" value=\"de_DE\" \/><input type=\"hidden\" name=\"_wpcf7_unit_tag\" value=\"wpcf7-f1674-o1\" \/><input type=\"hidden\" name=\"_wpcf7_container_post\" value=\"0\" \/><input type=\"hidden\" name=\"_wpcf7_posted_data_hash\" value=\"\" \/>\n<\/fieldset>\n<p>Ihr Name (Pflichtfeld)\n<\/p>\n<p><span class=\"wpcf7-form-control-wrap\" data-name=\"your-name\"><input size=\"40\" maxlength=\"400\" class=\"wpcf7-form-control wpcf7-text wpcf7-validates-as-required\" aria-required=\"true\" aria-invalid=\"false\" value=\"\" type=\"text\" name=\"your-name\" \/><\/span>\n<\/p>\n<p>Ihre E-Mail-Adresse (Pflichtfeld)\n<\/p>\n<p><span class=\"wpcf7-form-control-wrap\" data-name=\"your-email\"><input size=\"40\" maxlength=\"400\" class=\"wpcf7-form-control wpcf7-email wpcf7-validates-as-required wpcf7-text wpcf7-validates-as-email\" aria-required=\"true\" aria-invalid=\"false\" value=\"\" type=\"email\" name=\"your-email\" \/><\/span>\n<\/p>\n<p>Betreff\n<\/p>\n<p><span class=\"wpcf7-form-control-wrap\" data-name=\"your-subject\"><input size=\"40\" maxlength=\"400\" class=\"wpcf7-form-control wpcf7-text\" aria-invalid=\"false\" value=\"\" type=\"text\" name=\"your-subject\" \/><\/span>\n<\/p>\n<p>Ihre Nachricht\n<\/p>\n<p><span class=\"wpcf7-form-control-wrap\" data-name=\"your-message\"><textarea cols=\"40\" rows=\"10\" maxlength=\"2000\" class=\"wpcf7-form-control wpcf7-textarea\" aria-invalid=\"false\" name=\"your-message\"><\/textarea><\/span>\n<\/p>\n<p><input type=\"hidden\" name=\"_wpcf7_captcha_challenge_captcha-904\" value=\"466364432\" \/><img loading=\"lazy\" decoding=\"async\" class=\"wpcf7-form-control wpcf7-captchac wpcf7-captcha-captcha-904\" width=\"84\" height=\"28\" alt=\"captcha\" src=\"https:\/\/www.djk-erlangen.de\/verein\/wp-content\/uploads\/wpcf7_captcha\/466364432.png\" \/><br \/>\n<span class=\"wpcf7-form-control-wrap\" data-name=\"captcha-904\"><input size=\"10\" maxlength=\"10\" class=\"wpcf7-form-control wpcf7-captchar\" autocomplete=\"off\" aria-invalid=\"false\" value=\"\" type=\"text\" name=\"captcha-904\" \/><\/span>\n<\/p>\n<p><input class=\"wpcf7-form-control wpcf7-submit has-spinner\" type=\"submit\" value=\"Senden\" \/>\n<\/p><p style=\"display: none !important;\" class=\"akismet-fields-container\" data-prefix=\"_wpcf7_ak_\"><label>&#916;<textarea name=\"_wpcf7_ak_hp_textarea\" cols=\"45\" rows=\"8\" maxlength=\"100\"><\/textarea><\/label><input type=\"hidden\" id=\"ak_js_1\" name=\"_wpcf7_ak_js\" value=\"36\"\/><script>document.getElementById( \"ak_js_1\" ).setAttribute( \"value\", ( new Date() ).getTime() );<\/script><\/p><div class=\"wpcf7-response-output\" aria-hidden=\"true\"><\/div>\n<\/form>\n<\/div>\n\n","protected":false},"excerpt":{"rendered":"<p>Liebe Mitglieder, liebe Freunde und F\u00f6rderer der DJK Erlangen, wir, die Abteilungsleitung Fu\u00dfball, freuen uns, euch heute unseren, in Zusammenarbeit mit unserem Partner Teamshop24 erstellten, Vereinsshop pr\u00e4sentieren zu d\u00fcrfen. Diesen erreicht ihr \u00fcber den folgenden Link: https:\/\/teamsportshop24.de\/djkerlangen. Der Shop steht &hellip; <a href=\"https:\/\/www.djk-erlangen.de\/verein\/?page_id=1672\">Weiterlesen <span class=\"meta-nav\">&rarr;<\/span><\/a><\/p>\n","protected":false},"author":4,"featured_media":0,"parent":0,"menu_order":3,"comment_status":"closed","ping_status":"closed","template":"","meta":{"jetpack_post_was_ever_published":false,"footnotes":""},"class_list":["post-1672","page","type-page","status-publish","hentry"],"jetpack_sharing_enabled":true,"jetpack_shortlink":"https:\/\/wp.me\/P9Syja-qY","_links":{"self":[{"href":"https:\/\/www.djk-erlangen.de\/verein\/index.php?rest_route=\/wp\/v2\/pages\/1672","targetHints":{"allow":["GET"]}}],"collection":[{"href":"https:\/\/www.djk-erlangen.de\/verein\/index.php?rest_route=\/wp\/v2\/pages"}],"about":[{"href":"https:\/\/www.djk-erlangen.de\/verein\/index.php?rest_route=\/wp\/v2\/types\/page"}],"author":[{"embeddable":true,"href":"https:\/\/www.djk-erlangen.de\/verein\/index.php?rest_route=\/wp\/v2\/users\/4"}],"replies":[{"embeddable":true,"href":"https:\/\/www.djk-erlangen.de\/verein\/index.php?rest_route=%2Fwp%2Fv2%2Fcomments&post=1672"}],"version-history":[{"count":29,"href":"https:\/\/www.djk-erlangen.de\/verein\/index.php?rest_route=\/wp\/v2\/pages\/1672\/revisions"}],"predecessor-version":[{"id":3417,"href":"https:\/\/www.djk-erlangen.de\/verein\/index.php?rest_route=\/wp\/v2\/pages\/1672\/revisions\/3417"}],"wp:attachment":[{"href":"https:\/\/www.djk-erlangen.de\/verein\/index.php?rest_route=%2Fwp%2Fv2%2Fmedia&parent=1672"}],"curies":[{"name":"wp","href":"https:\/\/api.w.org\/{rel}","templated":true}]}}