{"id":1409,"date":"2014-06-04T21:54:48","date_gmt":"2014-06-04T19:54:48","guid":{"rendered":"http:\/\/www.djk-erlangen.de\/verein\/?page_id=1409"},"modified":"2019-02-20T19:54:57","modified_gmt":"2019-02-20T18:54:57","slug":"raumbelegung","status":"publish","type":"page","link":"https:\/\/www.djk-erlangen.de\/verein\/?page_id=1409","title":{"rendered":"Raum-\/Busbelegung\/-anfrage"},"content":{"rendered":"<h4><a title=\"Hausordnung\" href=\"http:\/\/www.djk-erlangen.de\/verein\/wp-content\/uploads\/2014\/09\/Hausordnung-DJK-Erlangen.pdf\" target=\"_blank\" rel=\"noopener\">&gt;&gt; Wir bitten die Hausordnung (hier) unbedingt zu beachten! &lt;&lt;<\/a><\/h4>\n<p><iframe loading=\"lazy\" style=\"border-width: 0;\" src=\"https:\/\/www.google.com\/calendar\/embed?title=Raum-%2FBusbelegung&amp;height=600&amp;wkst=1&amp;bgcolor=%23FFFFFF&amp;src=dh4hrg73h7r5o74b5p378f2ejc%40group.calendar.google.com&amp;color=%23711616&amp;src=85bg2j4kk0iankocitdshud4a8%40group.calendar.google.com&amp;color=%23333333&amp;src=qbo1o3fa9cdp2gonepbt9jik88%40group.calendar.google.com&amp;color=%232F6309&amp;src=7kg9mntggqdf0vj2t3mokk7ip0%40group.calendar.google.com&amp;color=%23865A5A&amp;src=54hdatja3kehvvsadkr8nhqccs%40group.calendar.google.com&amp;color=%238D6F47&amp;src=n8fcobbvr5a9qt4g2upr09nr24%40group.calendar.google.com&amp;color=%2329527A&amp;src=4jmf0icb0hlnj64h279sdf2avs%40group.calendar.google.com&amp;color=%238C500B&amp;ctz=Europe%2FBerlin\" width=\"550\" height=\"500\" frameborder=\"0\" scrolling=\"no\"><\/iframe><\/p>\n<h2>\u00a0Raumanfrage<\/h2>\n<p>&#8211; Buchungen nur f\u00fcr Mitglieder der DJK Erlangen m\u00f6glich<\/p>\n<p>&#8211; Bei Minderj\u00e4hrigen ist die Anfrage durch die Eltern durchzuf\u00fchren<\/p>\n<p>&#8211; Unter &#8222;Optionale Information&#8220; bitte die Menge der erwarteten G\u00e4ste eintragen<\/p>\n\n<div class=\"wpcf7 no-js\" id=\"wpcf7-f1444-o1\" lang=\"de-DE\" dir=\"ltr\" data-wpcf7-id=\"1444\">\n<div class=\"screen-reader-response\"><p role=\"status\" aria-live=\"polite\" aria-atomic=\"true\"><\/p> <ul><\/ul><\/div>\n<form action=\"\/verein\/index.php?rest_route=%2Fwp%2Fv2%2Fpages%2F1409#wpcf7-f1444-o1\" method=\"post\" class=\"wpcf7-form init\" aria-label=\"Kontaktformular\" novalidate=\"novalidate\" data-status=\"init\">\n<fieldset class=\"hidden-fields-container\"><input type=\"hidden\" name=\"_wpcf7\" value=\"1444\" \/><input type=\"hidden\" name=\"_wpcf7_version\" value=\"6.1.5\" \/><input type=\"hidden\" name=\"_wpcf7_locale\" value=\"de_DE\" \/><input type=\"hidden\" name=\"_wpcf7_unit_tag\" value=\"wpcf7-f1444-o1\" \/><input type=\"hidden\" name=\"_wpcf7_container_post\" value=\"0\" \/><input type=\"hidden\" name=\"_wpcf7_posted_data_hash\" value=\"\" \/>\n<\/fieldset>\n<p>Ihr Name (Pflichtfeld)\n<\/p>\n<p><span class=\"wpcf7-form-control-wrap\" data-name=\"your-name\"><input size=\"40\" maxlength=\"400\" class=\"wpcf7-form-control wpcf7-text wpcf7-validates-as-required\" aria-required=\"true\" aria-invalid=\"false\" value=\"\" type=\"text\" name=\"your-name\" \/><\/span>\n<\/p>\n<p>Ihre E-Mail-Adresse (Pflichtfeld)\n<\/p>\n<p><span class=\"wpcf7-form-control-wrap\" data-name=\"your-email\"><input size=\"40\" maxlength=\"400\" class=\"wpcf7-form-control wpcf7-email wpcf7-validates-as-required wpcf7-text wpcf7-validates-as-email\" aria-required=\"true\" aria-invalid=\"false\" value=\"\" type=\"email\" name=\"your-email\" \/><\/span>\n<\/p>\n<p>Raum\n<\/p>\n<p><span class=\"wpcf7-form-control-wrap\" data-name=\"checkbox-519\"><span class=\"wpcf7-form-control wpcf7-checkbox\"><span class=\"wpcf7-list-item first\"><input type=\"checkbox\" name=\"checkbox-519[]\" value=\"Partyraum\" \/><span class=\"wpcf7-list-item-label\">Partyraum<\/span><\/span><span class=\"wpcf7-list-item\"><input type=\"checkbox\" name=\"checkbox-519[]\" value=\"Chill-Raum\" \/><span class=\"wpcf7-list-item-label\">Chill-Raum<\/span><\/span><span class=\"wpcf7-list-item\"><input type=\"checkbox\" name=\"checkbox-519[]\" value=\"Gymnastikraum\" \/><span class=\"wpcf7-list-item-label\">Gymnastikraum<\/span><\/span><span class=\"wpcf7-list-item\"><input type=\"checkbox\" name=\"checkbox-519[]\" value=\"Musikraum\" \/><span class=\"wpcf7-list-item-label\">Musikraum<\/span><\/span><span class=\"wpcf7-list-item\"><input type=\"checkbox\" name=\"checkbox-519[]\" value=\"Au\u00dfengel\u00e4nde\" \/><span class=\"wpcf7-list-item-label\">Au\u00dfengel\u00e4nde<\/span><\/span><span class=\"wpcf7-list-item last\"><input type=\"checkbox\" name=\"checkbox-519[]\" value=\"DJK Bus\" \/><span class=\"wpcf7-list-item-label\">DJK Bus<\/span><\/span><\/span><\/span>\n<\/p>\n<p>Datum (Pflichtfeld)\n<\/p>\n<p><span class=\"wpcf7-form-control-wrap\" data-name=\"text-933\"><input size=\"40\" maxlength=\"400\" class=\"wpcf7-form-control wpcf7-text wpcf7-validates-as-required\" aria-required=\"true\" aria-invalid=\"false\" value=\"\" type=\"text\" name=\"text-933\" \/><\/span>\n<\/p>\n<p>Uhrzeit (von - bis)(Pflichtfeld)\n<\/p>\n<p><span class=\"wpcf7-form-control-wrap\" data-name=\"text-269\"><input size=\"40\" maxlength=\"400\" class=\"wpcf7-form-control wpcf7-text wpcf7-validates-as-required\" aria-required=\"true\" aria-invalid=\"false\" value=\"\" type=\"text\" name=\"text-269\" \/><\/span>\n<\/p>\n<p>Optionale Informationen\n<\/p>\n<p><span class=\"wpcf7-form-control-wrap\" data-name=\"your-message\"><textarea cols=\"40\" rows=\"10\" maxlength=\"2000\" class=\"wpcf7-form-control wpcf7-textarea\" aria-invalid=\"false\" name=\"your-message\"><\/textarea><\/span>\n<\/p>\n<p><input type=\"hidden\" name=\"_wpcf7_captcha_challenge_captcha-904\" value=\"910951697\" \/><img loading=\"lazy\" decoding=\"async\" class=\"wpcf7-form-control wpcf7-captchac wpcf7-captcha-captcha-904\" width=\"84\" height=\"28\" alt=\"captcha\" src=\"https:\/\/www.djk-erlangen.de\/verein\/wp-content\/uploads\/wpcf7_captcha\/910951697.png\" \/><br \/>\n<span class=\"wpcf7-form-control-wrap\" data-name=\"captcha-904\"><input size=\"10\" maxlength=\"10\" class=\"wpcf7-form-control wpcf7-captchar\" autocomplete=\"off\" aria-invalid=\"false\" value=\"\" type=\"text\" name=\"captcha-904\" \/><\/span>\n<\/p>\n<p><input class=\"wpcf7-form-control wpcf7-submit has-spinner\" type=\"submit\" value=\"Senden\" \/>\n<\/p><p style=\"display: none !important;\" class=\"akismet-fields-container\" data-prefix=\"_wpcf7_ak_\"><label>&#916;<textarea name=\"_wpcf7_ak_hp_textarea\" cols=\"45\" rows=\"8\" maxlength=\"100\"><\/textarea><\/label><input type=\"hidden\" id=\"ak_js_1\" name=\"_wpcf7_ak_js\" value=\"160\"\/><script>document.getElementById( \"ak_js_1\" ).setAttribute( \"value\", ( new Date() ).getTime() );<\/script><\/p><div class=\"wpcf7-response-output\" aria-hidden=\"true\"><\/div>\n<\/form>\n<\/div>\n\n","protected":false},"excerpt":{"rendered":"<p>&gt;&gt; Wir bitten die Hausordnung (hier) unbedingt zu beachten! &lt;&lt; \u00a0Raumanfrage &#8211; Buchungen nur f\u00fcr Mitglieder der DJK Erlangen m\u00f6glich &#8211; Bei Minderj\u00e4hrigen ist die Anfrage durch die Eltern durchzuf\u00fchren &#8211; Unter &#8222;Optionale Information&#8220; bitte die Menge der erwarteten G\u00e4ste &hellip; <a href=\"https:\/\/www.djk-erlangen.de\/verein\/?page_id=1409\">Weiterlesen <span class=\"meta-nav\">&rarr;<\/span><\/a><\/p>\n","protected":false},"author":4,"featured_media":0,"parent":2,"menu_order":11,"comment_status":"closed","ping_status":"closed","template":"","meta":{"jetpack_post_was_ever_published":false,"footnotes":""},"class_list":["post-1409","page","type-page","status-publish","hentry"],"jetpack_sharing_enabled":true,"jetpack_shortlink":"https:\/\/wp.me\/P9Syja-mJ","_links":{"self":[{"href":"https:\/\/www.djk-erlangen.de\/verein\/index.php?rest_route=\/wp\/v2\/pages\/1409","targetHints":{"allow":["GET"]}}],"collection":[{"href":"https:\/\/www.djk-erlangen.de\/verein\/index.php?rest_route=\/wp\/v2\/pages"}],"about":[{"href":"https:\/\/www.djk-erlangen.de\/verein\/index.php?rest_route=\/wp\/v2\/types\/page"}],"author":[{"embeddable":true,"href":"https:\/\/www.djk-erlangen.de\/verein\/index.php?rest_route=\/wp\/v2\/users\/4"}],"replies":[{"embeddable":true,"href":"https:\/\/www.djk-erlangen.de\/verein\/index.php?rest_route=%2Fwp%2Fv2%2Fcomments&post=1409"}],"version-history":[{"count":21,"href":"https:\/\/www.djk-erlangen.de\/verein\/index.php?rest_route=\/wp\/v2\/pages\/1409\/revisions"}],"predecessor-version":[{"id":2439,"href":"https:\/\/www.djk-erlangen.de\/verein\/index.php?rest_route=\/wp\/v2\/pages\/1409\/revisions\/2439"}],"up":[{"embeddable":true,"href":"https:\/\/www.djk-erlangen.de\/verein\/index.php?rest_route=\/wp\/v2\/pages\/2"}],"wp:attachment":[{"href":"https:\/\/www.djk-erlangen.de\/verein\/index.php?rest_route=%2Fwp%2Fv2%2Fmedia&parent=1409"}],"curies":[{"name":"wp","href":"https:\/\/api.w.org\/{rel}","templated":true}]}}